base 14) to base 11.
-95
1 (base 8) to base 10
1
What is -66 (base 10) in base 13?
-51
What is -10 (base 10) in base 7?
-13
Convert 2002 (base 3) to base 13.
44
1032 (base 4) to base 9
86
Convert 14 (base 5) to base 14.
9
What is -2 (base 6) in base 4?
-2
What is -2 (base 16) in base 13?
-2
3 (base 9) to base 13
3
What is 1101 (base 2) in base 12?
11
23 (base 16) to base 10
35
What is -77 (base 10) in base 11?
-70
-4a (base 15) to base 5
-240
Convert 7 (base 15) to base 11.
7
Convert -54 (base 13) to base 15.
-49
-160 (base 9) to base 8
-207
Convert 6d (base 16) to base 5.
414
-22111 (base 3) to base 7
-445
-161 (base 9) to base 2
-10001000
What is -2 (base 13) in base 15?
-2
Convert -54 (base 13) to base 7.
-126
15 (base 15) to base 11
19
-10 (base 5) to base 13
-5
Convert -22222 (base 3) to base 12.
-182
What is 34 (base 7) in base 13?
1c
What is -2 (base 16) in base 12?
-2
Convert -12 (base 5) to base 8.
-7
Convert -6 (base 15) to base 14.
-6
2 (base 8) to base 16
2
Convert 1c (base 16) to base 15.
1d
What is 2 (base 10) in base 4?
2
12 (base 3) to base 2
101
What is 2 (base 16) in base 2?
10
Convert 23 (base 15) to base 5.
113
What is 6 (base 9) in base 12?
6
Convert -11 (base 5) to base 14.
-6
Convert -3 (base 11) to base 9.
-3
60 (base 8) to base 16
30
Convert -112 (base 3) to base 13.
-11
What is 204 (base 6) in base 15?
51
What is -2 (base 9) in base 2?
-10
-3 (base 9) to base 11
-3
-254 (base 7) to base 2
-10001001
-10000110 (base 2) to base 9
-158
-131 (base 7) to base 16
-47
5 (base 16) to base 10
5
What is -7f (base 16) in base 12?
-a7
11012 (base 3) to base 15
78
-1 (base 15) to base 6
-1
43 (base 5) to base 9
25
21 (base 9) to base 11
18
-222 (base 3) to base 5
-101
What is 0 (base 2) in base 11?
0
What is -158 (base 13) in base 4?
-3302
3 (base 9) to base 13
3
What is -51 (base 8) in base 10?
-41
Convert -2 (base 9) to base 10.
-2
Convert 21 (base 8) to base 3.
122
11 (base 10) to base 11
10
Convert 43 (base 5) to base 15.
18
Convert -1000 (base 3) to base 4.
-123
-2 (base 7) to base 9
-2
Convert 50 (base 6) to base 13.
24
46 (base 8) to base 9
42
Convert 31 (base 8) to base 11.
23
What is -10 (base 9) in base 8?
-11
Convert -10 (base 5) to base 7.
-5
Convert -10 (base 2) to base 11.
-2
Convert -2 (base 16) to base 10.
-2
-1 (base 12) to base 4
-1
1053 (base 6) to base 14
13b
14 (base 15) to base 9
21
18 (base 16) to base 6
40
1423 (base 5) to base 15
10d
Convert 28 (base 13) to base 6.
54
4 (base 15) to base 5
4
-1001111 (base 2) to base 3
-2221
What is -20 (base 8) in base 5?
-31
What is 142 (base 12) in base 11?
167
Convert 1 (base 9) to base 4.
1
What is 0 (base 2) in base 9?
0
What is -101 (base 3) in base 8?
-12
2 (base 3) to base 10
2
What is -1 (base 8) in base 13?
-1
Convert 5 (base 12) to base 5.
10
Convert 0 (base 14) to base 12.
0
Convert 107 (base 9) to base 2.
1011000
What is 3 (base 6) in base 10?
3
What is -252 (base 13) in base 7?
-1116
Convert -110 (base 5) to base 10.
-30
-2 (base 10) to base 5
-2
Convert 1a5 (base 12) to base 11.
225
2 (base 5) to base 2
10
What is -15 (base 12) in base 10?
-17
Convert -1201 (base 5) to base 2.
-10110000
Convert -2c (base 14) to base 7.
-55
What is 4 (base 16) in base 15?
4
What is 14 (base 16) in base 5?
40
100 (base 2) to base 5
4
Convert 2 (base 4) to base 11.
2
Convert 5 (base 14) to base 3.
12
What is 131 (base 8) in base 14?
65
What is a (base 13) in base 15?
a
-32 (base 10) to base 4
-200
What is -100111000 (base 2) in base 16?
-138
What is 10 (base 4) in base 12?
4
-4 (base 10) to base 5
-4
Convert 1 (base 8) to base 12.
1
-1310 (base 4) to base 7
-224
What is -7 (base 8) in base 16?
-7
-1 (base 13) to base 16
-1
What is 141 (base 12) in base 15?
cd
Convert 30 (base 11) to base 16.
21
-64 (base 12) to base 16
-4c
Convert -ca (base 16) to base 8.
-312
Convert 1 (base 4) to base 9.
1
-2120 (base 3) to base 6
-153
1 (base 12) to base 3
1
Convert 63 (base 7) to base 16.
2d
Convert -3 (base 6) to base 5.
-3
Convert 27 (base 9) to base 14.
1b
0 (base 2) to base 14
0
Convert -10110 (base 3) to base 10.
-93
Convert 0 (base 13) to base 10.
0
What is -21 (base 3) in base 14?
-7
What is 2423 (base 5) in base 12?
263
What is 324 (base 5) in base 2?
1011001
3 (base 10) to base 11
3
Convert 0 (base 8) to base 4.
0
Convert -2 (base 15) to base 14.
-2
Convert -1a (base 15) to base 6.
-41
Convert 211 (base 5) to base 2.
111000
What is -4 (base 13) in base 14?
-4
What is 5 (base 14) in base 9?
5
0 (base 6) to base 14
0
What is -3 (base 12) in base 16?
-3
What is -1 (base 10) in base 12?
-1
What is -5 (base 10) in base 5?
-10
12 (base 3) to base 9
5
3 (base 11) to base 14
3
What is -1066 (base 7) in base 4?
-12013
What is 2 (base 4) in base 14?
2
Convert -2020 (base 4) to base 5.
-1021
Convert -a6 (base 16) to base 12.
-11a
112021 (base 3) to base 15
1aa
Convert 2 (base 10) to base 4.
2
What is 9 (base 14) in base 6?
13
What is 237 (base 11) in base 13?
189
Convert 1 (base 5) to base 11.
1
-2 (base 15) to base 6
-2
Convert -3 (base 6) to base 12.
-3
What is -22002 (base 3) in base 11?
-189
What is -12 (base 7) in base 15?
-9
101 (base 2) to base 14
5
73 (base 8) to base 2
111011
Convert 0 (base 5) to base 11.
0
Convert 0 (base 16) to base 10.
0
What is -1 (base 13) in base 11?
-1
Convert 0 (base 12) to base 10.
0
-105 (base 7) to base 4
-312
What is 28 (base 11) in base 6?
50
Convert -48 (base 12) to base 15.
-3b
What is 125 (base 6) in base 9?
58
What is -23 (base 9) in base 8?
-25
What is -1 (base 4) in base 13?
-1
2 (base 7) to base 12
2
What is 162 (base 15) in base 14?
189
Convert 10 (base 5) to base 15.
5
Convert -3201 (base 4) to base 13.
-144
What is 54 (base 6) in base 5?
114
Convert -1a (base 13) to base 8.
-27
Convert -5 (base 13) to base 15.
-5
What is -7b (base 12) in base 16?
-5f
What is -e (base 16) in base 2?
-1110
Convert -5 (base 12) to base 2.
-101
Convert -210 (base 3) to base 9.
-23
What is -33 (base 11) in base 14?
-28
What is 16 (base 14) in base 16?
14
Convert -2 (base 7) to base 15.
-2
-1121 (base 3) to base 13
-34
3 (base 6) to base 13
3
-37 (base 11) to base 2
-101000
-27 (base 12) to base 3
-1011
What is -125 (base 6) in base 16?
-35
-1a (base 14) to base 3
-220
What is 72 (base 9) in base 13?
50
Convert 101 (base 3) to base 4.
22
17 (base 12) to base 16
13
112 (base 5) to base 15
22
What is 130 (base 4) in base 9?
31
Convert -1323 (base 4) to base 5.
-443
Convert 0 (base 2) to base 3.
0
Convert 6 (base 15) to base 11.
6
11 (base 10) to base 3
102
Convert 1 (base 10) to base 14.
1
Convert -3 (base 13) to base 8.
-3
What is -23 (base 7) in base 3?
-122
Convert 6 (base 10) to base 6.
10
Convert 1020 (base 3) to base 2.
100001
Convert -7 (base 10) to base 9.
-7
-21 (base 4) to base 6
-13
What is 414 (base 6) in base 16?
9a
-150 (base 10) to base 15
-a0
What is -b5 (base 15) in base 16?
-aa
What is -15 (base 9) in base 12?
-12
Convert -a (base 14) to base 5.
-20
-10000 (base 4) to base 12
-194
204 (base 8) to base 16
84
0 (base 9) to base 7
0
What is -126 (base 8) in base 10?
-86
What is 10 (base 3) in base 5?
3
Convert 0 (base 3) to base 9.
0
Convert 13 (base 13) to base 2.
10000
What is -45 (base 10) in base 7?
-63
Convert 3 (base 15) to base 8.
3
What is 70 (base 11) in base 7?
140
What is -12 (base 4) in base 12?
-6
-e (base 15) to base 3
-112
Convert 6 (base 7) to base 8.
6
What is 57 (base 8) in base 12?
3b
Convert 1211 (base 6) to base 9.
357
What is -36 (base 12) in base 10?
-42
-a8 (base 16) to base 8
-250
Convert -2 (base 6) to base 13.
-2
Convert 2 (base 6) to base 12.
2
2 (base 9) to base 8
2
94 (base 10) to base 7
163
What is 3d (base 16) in base 2?
111101
What is -6d (base 14) in base 2?
-1100001
a (base 12) to base 15
a
-103 (base 4) to base 11
-18
3 (base 6) to base 7
3
Convert -2 (base 13) to base 3.
-2
Convert -101010 (base 2) to base 11.
-39
What is -46 (base 9) in base 5?
-132
Convert -4 (base 10) to base 7.
-4
What is 156 (base 7) in base 13?
6c
18 (base 11) to base 10
19
-114 (base 7) to base 2
-111100
-53 (base 6) to base 13
-27
What is 6 (base 7) in base 6?
10
Convert 15 (base 15) to base 12.
18
Convert 0 (base 4) to base 2.
0
What is 1 (base 11) in base 5?
1
What is -6 (base 16) in base 7?
-6
What is 0 (base 8) in base 10?
0
2 (base 